onvert -45143 (base 10) to base 8.
-130127
What is -4c9206 (base 16) in base 13?
-1069101
What is 3a722 (base 16) in base 10?
239394
Convert 257c9bc (base 13) to base 9.
24070517
489956 (base 12) to base 5
300200010
What is 3c7c0 (base 13) in base 12?
5574a
What is 79d4d6 (base 15) in base 6?
324354550
Convert -20201100211 (base 3) to base 8.
-402166
Convert 41126314 (base 8) to base 6.
510210324
Convert 52d39f (base 16) to base 6.
312202115
Convert 111012111 (base 3) to base 5.
302000
3126556 (base 7) to base 2
1011100000001000100
Convert c68b (base 13) to base 10.
27493
What is 9a33f6 (base 16) in base 5?
10041341341
What is -26255 (base 13) in base 4?
-101100320
What is -333020002221 (base 4) in base 8?
-77100251
What is 101000110100101110 (base 2) in base 10?
167214
What is -2200010000112 (base 3) in base 4?
-11122201301
Convert -425121 (base 6) to base 2.
-1000100000001001
Convert -6b6f (base 16) to base 13.
-c698
What is 36655157 (base 8) in base 16?
7b5a6f
Convert 10553512 (base 6) to base 15.
66972
What is d7b95 (base 14) in base 9?
873481
What is 7c77a (base 13) in base 4?
313203313
What is 310330101 (base 4) in base 12?
a55a9
89696 (base 11) to base 6
2441322
Convert -44658 (base 12) to base 2.
-10110001010100100
Convert 18822a (base 16) to base 8.
6101052
Convert 1001110010011101111111 (base 2) to base 3.
11211100220121
-346233 (base 7) to base 4
-33023331
-123321312032 (base 4) to base 14
-d85a7c
Convert -2342515 (base 6) to base 11.
-83aa6
122011021 (base 4) to base 15
219ba
What is 10444642 (base 9) in base 6?
300114145
11311012 (base 4) to base 14
89b8
Convert 1244648 (base 9) to base 7.
5526155
244d6 (base 16) to base 14
3c290
Convert 2841150 (base 9) to base 15.
20cdd3
Convert 112020022 (base 3) to base 7.
42152
Convert -4344442 (base 5) to base 8.
-222365
What is 290269 (base 14) in base 3?
2200020110010
-2a13601 (base 11) to base 4
-103232330001
4b136 (base 12) to base 9
165086
Convert 4141353 (base 7) to base 15.
9c640
458da (base 14) to base 8
512270
What is -1232033130 (base 4) in base 2?
-1101110001111011100
What is -10201200001002 (base 3) in base 9?
-3650032
-101001110000101100 (base 2) to base 4
-221300230
What is 156415021 (base 7) in base 10?
10659769
Convert 1220102001 (base 3) to base 9.
56361
Convert 55707a (base 13) to base 12.
811b3a
627551 (base 11) to base 2
11110101011111111110
What is -11011000110010001001 (base 2) in base 5?
-211403240
Convert -3bd66 (base 14) to base 3.
-21112010002
958a7c (base 13) to base 7
41532123
4752887 (base 9) to base 4
21310130101
What is -66611a (base 11) in base 12?
-4328b4
55617650 (base 8) to base 4
231301332220
-222450 (base 11) to base 12
-151249
-22c39 (base 15) to base 4
-123002202
-28912a (base 12) to base 9
-1244717
Convert 3024142 (base 5) to base 12.
24200
11702454 (base 8) to base 15
362616
Convert 121120201012 (base 3) to base 10.
326381
5235402 (base 7) to base 10
630975
What is -17d67 (base 16) in base 7?
-554443
What is -3908060 (base 11) in base 2?
-11001110110000001001000
What is -133534331 (base 7) in base 15?
-b672db
Convert -33a491 (base 12) to base 9.
-1488871
Convert bba59 (base 13) to base 11.
212584
Convert 372395 (base 10) to base 2.
1011010111010101011
3bb2c (base 16) to base 6
5124020
What is -684893 (base 12) in base 16?
-196fef
What is -105614 (base 10) in base 2?
-11001110010001110
52204321 (base 6) to base 16
170899
What is -4a11483 (base 11) in base 16?
-84f455
What is a28821 (base 11) in base 2?
110010011001011100111
22400 (base 11) to base 10
32428
Convert 17655 (base 10) to base 8.
42367
What is -9559b (base 14) in base 5?
-43014311
-2608b2 (base 12) to base 7
-5204252
What is -4dd022 (base 14) in base 16?
-28fdc6
What is 2e8831 (base 15) in base 14?
42a3d8
Convert -1100646 (base 7) to base 6.
-2520000
Convert -40436 (base 14) to base 4.
-211232000
-34219 (base 13) to base 15
-1d171
Convert -2323443223 (base 5) to base 9.
-10862618
Convert -53439 (base 11) to base 2.
-10010111110011100
Convert 1000131123 (base 4) to base 14.
6c311
61263 (base 11) to base 15
1b7ad
Convert -69433c (base 13) to base 11.
-1453992
Convert 285228 (base 9) to base 5.
21040134
Convert -1ad856 (base 14) to base 12.
-3a3198
Convert 109454 (base 10) to base 5.
12000304
Convert 642c3b (base 15) to base 6.
250111132
What is 225604 (base 7) in base 4?
21313231
-25462477 (base 9) to base 15
-116dd07
Convert 104404 (base 5) to base 9.
5103
-118687 (base 9) to base 8
-214507
Convert 22510323 (base 6) to base 11.
43402a
What is -22856 (base 13) in base 16?
-f5db
Convert 11421302 (base 5) to base 4.
122102312
Convert -4651433 (base 7) to base 12.
-241b72
Convert 358c8 (base 15) to base 9.
280178
Convert 1244213522 (base 6) to base 11.
8372169
-10100011011011101100000 (base 2) to base 11
-302861a
What is 647166 (base 8) in base 11?
138895
663608 (base 10) to base 6
22120132
11201022334 (base 5) to base 14
193b951
1dab2 (base 16) to base 9
204624
40110014 (base 5) to base 4
1031031203
14a31b2 (base 12) to base 6
225521142
What is 10000000010000000000100 (base 2) in base 5?
2033440000
What is 23721 (base 10) in base 16?
5ca9
254c2 (base 15) to base 14
3162b
-602266 (base 9) to base 6
-11344010
10023301322 (base 4) to base 5
240044301
What is -1333264 (base 8) in base 4?
-1123122310
Convert -e6df (base 16) to base 11.
-40450
131545004 (base 6) to base 7
31123624
-1655671 (base 8) to base 12
-1b30a1
What is 60221 (base 15) in base 13?
a8625
352547 (base 16) to base 10
3482951
What is -411366 (base 8) in base 16?
-212f6
Convert -44ef3 (base 16) to base 12.
-117497
Convert 203031322331 (base 4) to base 10.
9232061
Convert 1570465 (base 8) to base 14.
bbb37
11615235 (base 7) to base 6
34231510
What is 4d80a3 (base 14) in base 2?
1010001100100010011111
-4e0b5 (base 15) to base 9
-420738
-24522121 (base 7) to base 16
-21ae25
Convert -227ba (base 15) to base 4.
-122302312
What is 22202022102 (base 3) in base 14?
46ad1
What is 1356606 (base 8) in base 15?
78d60
What is -20025345 (base 6) in base 2?
-10001001100111100001
Convert 524054044 (base 6) to base 14.
1303388
Convert -47300 (base 8) to base 3.
-1000122200
3221142 (base 5) to base 3
2202211021
What is -11001001110010000010 (base 2) in base 5?
-202421443
What is -12001114 (base 5) in base 7?
-634225
Convert -353602 (base 9) to base 11.
-135828
Convert 11110000111011101 (base 2) to base 9.
207183
Convert 1720152 (base 11) to base 15.
3cca03
-10011001111001001 (base 2) to base 15
-1852d
Convert 13443a (base 11) to base 8.
633611
10270b1 (base 13) to base 15
66ba54
Convert 3b32a3 (base 12) to base 10.
980187
-fb01b (base 16) to base 13
-29cc75
-73448 (base 11) to base 9
-172716
c2a29 (base 16) to base 7
6530162
Convert 655be7 (base 15) to base 2.
10010011010111100001110
Convert 240318 (base 10) to base 4.
322222332
-100000011111000000001 (base 2) to base 13
-2b3669
What is 81429 (base 12) in base 9?
275676
What is 251351 (base 6) in base 14?
8231
-5552601 (base 7) to base 6
-22404310
5523544 (base 6) to base 10
275608
-10021220122200 (base 3) to base 16
-1ab43d
What is 140110440 (base 5) in base 3?
1022220211000
22133 (base 10) to base 9
33322
What is -203019 (base 12) in base 3?
-221112210210
What is 4627632 (base 9) in base 14?
4908d8
What is -134414302 (base 6) in base 16?
-29ccde
Convert -256422 (base 7) to base 11.
-32a86
What is -102030313220 (base 4) in base 7?
-55361336
Convert -1125737 (base 8) to base 2.
-1001010101111011111
-97865 (base 13) to base 11
-177837
-4223304 (base 5) to base 12
-34932
-258176 (base 12) to base 6
-21105030
-130775 (base 9) to base 10
-79367
What is -19a047 (base 16) in base 15?
-232921
What is 208454 (base 10) in base 12?
a0772
What is -159795 (base 10) in base 11?
-aa069
-198212 (base 16) to base 15
-2304b8
4389341 (base 10) to base 6
234025005
-23b85b (base 13) to base 3
-1121101021121
-523203 (base 6) to base 3
-2010212210
38b5380 (base 12) to base 8
52527320
What is 1202220121 (base 3) in base 10?
34927
-1111101110100001 (base 2) to base 9
-107324
Convert -4303432 (base 5) to base 16.
-11aaf
Convert 20334 (base 15) to base 11.
6a684
10011110012 (base 3) to base 15
136ce
Convert 1da050 (base 14) to base 4.
10003330212
Convert -241045414 (base 6) to base 9.
-8466721
What is 512538 (base 9) in ba